*r. Suppose 3*d - o = -u - u, -4*u - 12 = 0. Is d prime?
False
Let s = -5702 - -19783. Is s composite?
False
Suppose -3*f = -u - 43, -5*f = -6*u + 10*u + 223. Is 1*(u/(-65) + (-2781)/(-5)) a prime number?
True
Suppose -295 + 1635 = 10*h. Is (-36411)/(-2) + 1 + (-67)/h prime?
False
Suppose -4*l - 4*o = 26795 - 374703, l - 3*o - 86953 = 0. Is l composite?
True
Is (-2234605)/(-30) + 24/144 + -3 + 5 a prime number?
True
Suppose -3*l = -3*i + 760461, 2*i - l + 0*l = 506978. Suppose 0 = -76*c + 97*c - i. Is c prime?
True
Suppose 4*m - 5*o = 71, 91 = 4*m - 4*o + 3*o. Let j = 37 - m. Suppose -j*y + 10*y = -1893. Is y prime?
True
Let y(b) = 14560*b - 153. Let f be y(5). Suppose 68162 = 19*w - f. Is w composite?
False
Let u be -5*(-2)/20*2*37. Suppose 81*h - 431156 = u*h. Is h composite?
True
Let s(a) = -32850*a + 169. Is s(-9) composite?
False
Let p(s) = -4*s + 88*s**3 - 9*s + 2 + 10*s. Let a be p(2). Let g = 2013 - a. Is g prime?
False
Suppose 3*p = -2*k + 266157, -5*k + k = -2*p + 177454. Is p prime?
True
Suppose 20 = -5*t + 2*r, -2*t = 2*r - 7 + 1. Is (6 - -8414) + (-7 + 4 - t) prime?
True
Let n = 31769 - 45537. Let t = n + 23301. Is t composite?
False
Suppose 0 = -b + 3*b - 68562. Suppose 0 = -g - 12*g + b. Let l = -1690 + g. Is l a composite number?
False
Let v = 9 - 17. Suppose 3*j = -4*b - 5, -3*b - 5 = 2*j - 2. Is 17584/42 - (v/6 + b) composite?
False
Let j(m) = 6*m - 17 - 23*m**3 + 2 + 23*m + 4*m**2. Let x(w) = 15*w**3 - 3*w**2 - 19*w + 10. Let q(s) = 5*j(s) + 8*x(s). Is q(4) a composite number?
False
Let c(u) = -12*u**3 + u**2 - 3*u - 3. Let i be c(-1). Is 4/(4*-1)*(-43667)/i a composite number?
False
Let t(v) = -v**3 + 61*v**2 + 7*v + 246. Is t(59) composite?
False
Let h(f) = -1117*f + 149. Let s be h(-12). Let m = s + -5994. Is m prime?
True
Suppose 135*o = 35*o + 686300. Is o composite?
False
Is 46/(-299) - (-8119377)/39 a prime number?
True
Let o(w) = 20*w**2 - 6*w - 447. Let l(c) = 7*c**2 - 2*c - 149. Let h(g) = 17*l(g) - 6*o(g). Let k = -2284 + 2284. Is h(k) prime?
True
Suppose -153*b + 717*b - 752341596 = 0. Is b a composite number?
True
Suppose 245*z + 56 = 249*z. Suppose 60987 = 5*y + o, -z*y + 4*o = -10*y - 48780. Is y composite?
False
Let w be 10037/(3 - (-2 - -4)). Let j = -6496 + w. Is j a composite number?
False
Suppose a - 3062 = -4*l, -4*a + 15370 = a + 5*l. Let r = a + 453. Let i = r + -1964. Is i prime?
True
Let l(n) = 20653*n + 711. Is l(44) prime?
False
Suppose -28*w - 23*w = -1513935. Let h = 48032 - w. Is h prime?
False
Suppose 0 = 69*y - 206*y + 146890715. Is y composite?
True
Let q(x) = 2*x**3 - 17*x**2 + 8*x - 84. Let d be q(-13). Let k = d - -10901. Is k prime?
False
Let s(b) be the second derivative of -b**5/4 + 5*b**4/12 + 2*b**3/3 - 11*b**2/2 + 25*b. Let o = 16 + -21. Is s(o) prime?
True
Let u be -6076 + (2 + -3 - 3). Let y = -2421 - u. Is y composite?
False
Suppose -403*w + 1138650 = -383*w + 116870. Is w prime?
False
Let n(t) be the second derivative of 6*t**3 + 29*t**2/2 + 18*t. Let z be ((-36)/(-5))/((-26)/(-65)). Is n(z) a prime number?
True
Let b = 11519 + 19092. Is b a prime number?
False
Let o be (-1 - (-2)/(-4))*(-10 - -8). Suppose -o*u + u = 2*n - 22830, 0 = 4*u - 4*n - 45628. Is u composite?
False
Suppose 3*n + 2513 = 4*n. Suppose -5*w + 3032 = -5428. Let o = n - w. Is o prime?
True
Let a = -1 - -2. Let m be (6 - a)/((-1)/(-1151)). Suppose 3*b - m = -2*b. Is b composite?
False
Suppose -9*u + 140807 + 130714 = 0. Let j = 46716 - u. Is j prime?
True
Let c be 5 - (-5)/((-35)/(-7)). Is 3/(((-1)/(-1686))/(c/54)) a composite number?
True
Let k = 2992 - 1257. Let v = 9428 - 10361. Let q = v + k. Is q a composite number?
True
Suppose 6*f + 4*l - 9 = 3*f, -2*l - 3 = -f. Suppose 2*y = -3*g + 7501, f*g + 4*y - 3927 = 3584. Is g a composite number?
True
Suppose 0 = 2*l + l. Suppose -2*a + 10 = l, -2*i + 3*i + 3*a = 28. Let y(s) = s**3 - 9*s**2 + 9*s - 6. Is y(i) prime?
True
Suppose 31*r + 3782517 = 6*r + 42*r. Is r composite?
True
Suppose -105855 = 12*z - 454683. Is z a composite number?
True
Suppose 0 = -36*g + 484*g - 4708928. Is g a composite number?
True
Suppose -3*m + m - x + 243992 = 0, -5*m + 609987 = -x. Is m prime?
True
Let a(l) = 3*l**2 - 10*l + 2. Let w be a(4). Suppose -w*y + 9427 + 2243 = 0. Is y a composite number?
True
Let p(l) = 397*l**2 + 15*l - 269. Is p(-26) a prime number?
True
Is 1/(-5 + 7654368/1530872) prime?
False
Let x be (-122308*2 + 0)/((-122)/183). Suppose 1249339 = 31*w + x. Is w prime?
False
Let i = 128 - 126. Let u = 10082 + -5972. Suppose 4*a - o = u, i*a - a - 1023 = -2*o. Is a a composite number?
True
Is ((-5)/(80/(-1526484)))/((-123)/(-164)) composite?
False
Let r be 0/(8*6/(-12)). Suppose r = -13*g + 33*g - 22420. Is g a prime number?
False
Let m(h) = -715*h + 734. Is m(-33) composite?
False
Suppose 5*p - 212*f - 25 = -214*f, 10 = 2*f. Suppose 3*m - 2*b + 6*b - 150629 = 0, -p*m = 3*b - 150627. Is m prime?
True
Suppose 62759 = 18*l - 457081. Let t = 60115 - l. Is t a composite number?
True
Suppose 4*u = -b, 2*b + u = 5*b. Let r = 110 - 109. Suppose b = y + r, -2*x = -0*y + 5*y - 189. Is x prime?
True
Suppose -236 = -163*q + 159*q. Let s(f) = 4*f - 10. Let j be s(11). Suppose 2*c = -x + 62, -3*c + 3*x + j = -q. Is c prime?
True
Suppose 0 = -r + 2*v + 5134, 4*v + 19 - 10287 = -2*r. Let i = r - 3497. Is i a composite number?
False
Suppose -2*v - 121455 + 421247 = 2*o, 3*v + 599563 = 4*o. Is o composite?
False
Let x = -56888 + 88702. Is x a composite number?
True
Suppose 5*m + 54*p = 52*p + 739987, -m + 5*p = -147965. Is m composite?
True
Let o(q) = q**3 + 3*q**2 - 3*q + 6. Let c(l) = -l**3 - 3*l**2 + 2*l - 5. Let r(m) = -3*c(m) - 2*o(m). Let s be r(-4). Let d = 730 - s. Is d a prime number?
True
Suppose -8 = -3*y - 2. Suppose -y*z + 5*v + 219 = 0, -v = 4*z - 5*v - 420. Let f = -13 + z. Is f a composite number?
False
Let t = -36 - -163. Suppose -t*h = -120*h - 58849. Is h a prime number?
False
Let h = 4965 + -24796. Let i = h - -41972. Is i a composite number?
True
Let l(i) = -112*i**3 - 5*i**2 + i + 19. Let b = -169 - -165. Is l(b) composite?
False
Let f = -7403 - -13600. Is f a prime number?
True
Suppose 102 = 4*j - 90. Let w be j + (4 - 1)/((-6)/8). Is (-357)/14*w/(-6) a prime number?
False
Let c(h) = -12*h**3 + 6*h**2 - 17*h - 14. Let n be c(-7). Suppose -3591 = s - 5*s + a, -4*a = 5*s - n. Is s a prime number?
False
Suppose -4*z = -0*t - 2*t + 68660, -5*t - 2*z + 171626 = 0. Suppose 0 = -9*o + 27*o - t. Is o a composite number?
False
Suppose 1447994 - 10386951 = -182*y + 33*y. Is y prime?
False
Suppose 0 = g + 3*g - 4380. Suppose a - g = 1365. Let d = a + -821. Is d a composite number?
True
Let q(h) = -1061*h - 56. Let b be q(-10). Let u = 14945 - b. Is u prime?
True
Let a(f) = 1840*f - 234. Let g(k) = -1837*k + 232. Let p(w) = 3*a(w) + 4*g(w). Is p(-4) a prime number?
False
Suppose 2*d + 797 = 5*h, 0 = -4*d - 5 + 21. Let i = 158 + h. Is i a prime number?
False
Suppose 2*n - 8*n + 18 = 0. Suppose n*j = -3*y, y = -4*j - j. Suppose -m + 70 + 75 = j. Is m a prime number?
False
Let m(t) = -13*t + 106. Let c be m(8). Is ((-85868)/c)/(3 - (5 - 0)) composite?
False
Let u be 4 - 0 - (-10)/((-40)/(-12)). Suppose -4*c = -2*a + u*a - 117532, 5*c = 15. Suppose -a + 856 = -8*p. Is p a prime number?
False
Suppose l + 19205 = -22*l. Let m = 1900 - l. Is m a prime number?
False
Suppose 0 = -2*m - 3*z + 575341, 9*m + 1150680 = 13*m + 4*z. Is m a prime number?
True
Let c(d) = d**2 - 2*d. Let u(v) = -12*v**2 - 26. Let j(n) = c(n) - u(n). Is j(-9) a prime number?
True
Suppose 0 = -21*v - 25098 + 393795. Is v a composite number?
True
Let f(i) = 37386*i**3 - 2*i**2 + 2*i - 1. Is f(1) a composite number?
True
Let p(v) = 11440*v**3 - 10*v**2 - 24*v + 57. Is p(2) composite?
True
Let s = 78 - 47. Let g = s + -22. Is 254 - 5/(g - 4) composite?
True
Let q(i) = -714*i**3 + 6*i**2 + 80*i + 391. Is q(-7) a prime number?
False
Let d(n) = 16510*n - 603. Is d(7) a prime number?
True
Let a = -127 - -45. Let u be (a + -1)/(1/(-1)). Let r = u + 108. Is r a prime number?
True
Let x(h) = 2*h**2 - h - 1. Let j be x(-1). Let l(f) = 324*f**3 - f**2 - 5*f + 2. Let c be l(j). Let r = c + -1621. Is r a composite number?
True
Let x be 26/221 - (-98)/34. Let j(i) = 7*i**3 + 3*i**2 + i - 8. Is j(x) prime?
True
Let j(u) = 